3)/(-6)?
3, 137
Suppose -5*v = -2*m + 20, 6*m - 12 = 5*m + 3*v. Suppose m = 21*y - 10519 - 1745. Suppose -11*o + 769 + y = 0. List the prime factors of o.
3, 41
Suppose 1 = 3*c + 3*n + 4, 2*c + 8 = -5*n. Let b(r) = -8*r**3 + r**2 + 3*r. Let i(w) = -2*w + 1. Let m(x) = -b(x) - 3*i(x). What are the prime factors of m(c)?
7
Let o be 7 - ((-1)/9 + (-28)/(-9)). List the prime factors of -2 + 342 - (o + -1 - 2).
3, 113
Suppose -3*o - 4*b = -0*b - 52, 5*o - 5*b = 40. Let q be (20/o)/((-2)/(-12)). Suppose q*a - 4*a - 372 = 0. List the prime factors of a.
2, 31
Let s(h) = -2*h - 19. Suppose -3*v + 2*g - 38 = 0, 0 = -4*v + 5*g + 16 - 69. Let a be s(v). Suppose 0*k + a*k = 375. List the prime factors of k.
3, 5
Suppose -40*i + 20524 = 3*h - 36*i, 3*i + 6837 = h. What are the prime factors of h?
2, 3, 5, 19
Let m be -4 + 4 + -1 + -4. Let p(u) = -215*u - 340. List the prime factors of p(m).
3, 5, 7
Let v(u) be the second derivative of -u**4/12 - 3*u**3 - 27*u**2/2 + 16*u. Let f be v(-6). Let k = f + -34. List the prime factors of k.
11
Suppose 2*h + 75 + 47 = 0. Let i = h - -54. Let m(u) = -2*u**3 - 11*u**2 + 10*u - 1. List the prime factors of m(i).
2, 19
Let i = 52 + -53. Let b(m) = 25*m + 3. Let f be b(i). Let v = f + 28. List the prime factors of v.
2, 3
Suppose -13*k + 9*k + 12 = 0, 3321 = 3*r - 5*k. Let n = 513 + r. List the prime factors of n.
5, 13
Suppose 34*n + 15 = 39*n. Suppose 5*d + u - 1915 = 0, 285 = 2*d - n*u - 498. List the prime factors of d.
2, 3
List the prime factors of ((-3318128)/33)/(-17) - (-3)/9.
5, 7, 13
What are the prime factors of 1326/36 - 36 - (-57313)/6?
41, 233
Let k(u) be the second derivative of -7*u**3/6 + 57*u**2/2 - 38*u. Let p be k(12). Let l(z) = z**2 + 18*z - 19. List the prime factors of l(p).
2, 7
Let d = -183 - 202. What are the prime factors of -3 + (5 - d) + -1?
2, 193
Suppose 19 + 9 = 7*n. Suppose -n*q - 5 = -9*q. Let s(o) = 24*o**3 + o**2 - o + 1. List the prime factors of s(q).
5
Let y = -2601 - -8462. List the prime factors of y.
5861
Let i be ((-1)/(-1))/((-1)/(-10)). Let n(q) be the third derivative of -q**5/60 + 19*q**4/24 - q**3/3 - 865*q**2. What are the prime factors of n(i)?
2, 11
Let n = -100 - -95. List the prime factors of (7 - 5319)/(-4) - n/(-1).
3, 7
Suppose 936 = -10*f + 23*f. Suppose 0 = 23*u + f - 2211. List the prime factors of u.
3, 31
Suppose 1545493 + 83549 = 62*w + 40*w. What are the prime factors of w?
15971
Suppose 0 = -2*h - 5*b + 15, -3*h = 4*b + 8 - 34. Suppose -386 = -h*w + 84. List the prime factors of w.
47
Let t(g) = g**3 - 2*g**3 + 8 - 34*g + 49*g + 0*g**3 - 4*g**2. Let l be t(-6). List the prime factors of 140/(-60)*l*(5 + -2).
2, 5, 7
Let l(r) = -116*r - 74. Let h be l(-5). Suppose -4*b + 291 + 381 = 2*o, 0 = -3*b - o + h. List the prime factors of b.
2, 5, 17
Let h(t) = -10*t**3 + 5*t**2 - 8*t + 20. Let q(u) = 2*u**3 + 2*u**2 + u. Let b(r) = -h(r) + 3*q(r). List the prime factors of b(4).
2, 7, 19
Suppose 2411*o - 76128 = 2399*o. What are the prime factors of o?
2, 13, 61
Suppose 5*r + 5*v = 860, -7*r + 5*r = -5*v - 330. Suppose 2*i = r + 336. What are the prime factors of i?
11, 23
Let d(s) = 4*s + 10. Let o be d(6). Let x be o/(-85) - -2*6/5. Suppose x*r - 34 = 188. List the prime factors of r.
3, 37
Suppose -2*d + 1707 = -l, -l = -d + 66 + 786. Let r = d - 384. What are the prime factors of r?
3, 157
Let b(c) = c**3 + 8*c**2 + 8*c - 15. Let a be b(-6). Let p = 14 - -158. Suppose -a*j = -10*j + p. What are the prime factors of j?
2, 43
Suppose -5*p = 23*y - 19*y - 47106, -y + 11712 = 12*p. List the prime factors of y.
2, 3, 491
Let b = 21916 + -7296. List the prime factors of b.
2, 5, 17, 43
Suppose 253*a = 58*a + 2081820. What are the prime factors of a?
2, 17, 157
What are the prime factors of ((-24725)/(-75) + 4/(-2))*(18 + 0)?
2, 3, 983
What are the prime factors of ((-57632)/24)/((-21)/63)?
2, 1801
Let k(i) = -9*i + 37 + 25 + 6 + 7*i. Let s be k(0). Suppose m - 7 - s = 0. List the prime factors of m.
3, 5
Suppose 14*r = -0*r + 56. Suppose -b + 341 = 4*t, -9*t = -r*t + 25. What are the prime factors of b?
19
Let i(f) = 46*f + 58*f + 49*f + 23*f + 48. What are the prime factors of i(3)?
2, 3
Let j(h) = -h**2 - 5*h + 8. Suppose -i + 5*s + 6 = -2*i, 0 = 5*i + s + 54. Let t be j(i). List the prime factors of 2 - (-3 + 6) - t.
3, 19
Suppose 0 = -1064*j + 1065*j - o - 30385, 2*j = -3*o + 60740. What are the prime factors of j?
17, 1787
Suppose -35 = -2*j - 5*j. Suppose -a = 5*z - j*a - 94, -3*z - 3*a + 78 = 0. List the prime factors of z.
2, 11
Let l = -16069 + 28598. What are the prime factors of l?
11, 17, 67
Suppose 166*b - 1115808 = 48*b. List the prime factors of b.
2, 3, 197
Let p = 282 - 255. Suppose -4*b + 1121 = 273. Suppose 3*z - 181 + p = r, 2*r = -4*z + b. What are the prime factors of z?
2, 13
Let u = 2342 + 87. Suppose 494 = -5*f + u. List the prime factors of f.
3, 43
Suppose 5*w = -495 + 530. What are the prime factors of w + (3 + -1 - -912)?
3, 307
Suppose -5192*h + 5124*h = -2654992. What are the prime factors of h?
2, 43, 227
Let g be 138/42 + (-10)/35. Suppose 0 = -5*i + 10, -5*w - g*i = -i - 1634. List the prime factors of w.
2, 163
Suppose 0 = -2*h - 2*h + 16. Suppose -4*n - 4*r + 160 = 0, n + 2*n + h*r - 119 = 0. What are the prime factors of n?
41
Let u(w) = -831*w**3 + 15*w**2 + 128*w - 9. What are the prime factors of u(-4)?
52903
Let x = 117 + -113. Suppose 2*v + 0*m - x*m = 602, -607 = -2*v + 5*m. List the prime factors of v.
3, 97
Let s be 18/198 + (-1)/((-44)/(-576)). Let f(h) be the second derivative of -7*h**3/6 - 31*h**2/2 - 2*h. List the prime factors of f(s).
2, 3, 5
Suppose -2*f - 3*t = -4*f + 92, 60 = f - 5*t. Suppose 5*c + 120 = f. What are the prime factors of (36/c + 4)*24?
2, 3, 7
Suppose -6*a - 10006 - 6512 = 0. Let i = -1816 - a. What are the prime factors of i?
937
Let m(z) = z**2 + 15*z + 88. Let y be m(-10). Let w(n) = 14*n - 65. What are the prime factors of w(y)?
467
Suppose -3*h + 2 = -2*h. Suppose -8*k + h = -14. List the prime factors of -3 + 77 + k - 1.
3, 5
Suppose -4*u = 4*d - 56, 5*u + 6 = 3*d - 52. Suppose 4*y + d*y = 4800. What are the prime factors of y?
2, 3, 5
Let d be 1 - -4 - (-2)/(-1). Suppose 2*y = -d*g + 832, 3*y + 148 + 689 = 3*g. What are the prime factors of g?
2, 139
Let j(s) = -13*s + 2. Let r be j(-8). Let a = 64 - r. What are the prime factors of (-1246)/a - 2/(-4 + -2)?
2, 3, 5
Let y(c) = -50*c - 25. Suppose -4*z = -2*w - 3*w - 58, -5*z = 4*w + 71. Let x be y(w). Suppose x = 7*m + 94. List the prime factors of m.
83
Let i(q) = 81*q**2 - 77*q - 19. What are the prime factors of i(18)?
59, 421
Suppose -65 = -v + 2504. What are the prime factors of v?
7, 367
Let i(q) = -q**2 + 4*q + 17. Let j be i(10). Let p = 39 + j. List the prime factors of 8*(1 - 41)/p.
2, 5
Suppose 0 = 2*m - 5*i - 48, -22 = -4*m - i + 30. Suppose 5*v = -d + 1 - 3, -d + 3*v + m = 0. Suppose 140 = 6*n + d. What are the prime factors of n?
2, 11
Let h = 40943 + -18673. What are the prime factors of h?
2, 5, 17, 131
Let z = -1060 - -5471. List the prime factors of z/(-22)*2/(-1) - 4.
397
Let h = 3 - 3. Suppose 3*d + h*d = 18. Suppose -d = -s + 20. What are the prime factors of s?
2, 13
Suppose 0*r - 4*r + 24 = 0. Suppose 7*n - r*n - 39 = 0. What are the prime factors of (1 - n)*(3 - (-1 - -5))?
2, 19
Suppose 7824100 - 1619096 = 268*y. List the prime factors of y.
13, 137
Let i(v) = -9*v**3 - 3*v**2 + 4*v - 4. Let m be (-8 - 62/(-4))*(-2)/3. List the prime factors of i(m).
2, 3, 19
Suppose 0 = -4*l - 20, 2*p + 0*l - l - 5 = 0. Suppose -t + 5*n + 23 = -209, p = 3*t - 4*n - 652. What are the prime factors of t?
2, 53
Suppose 0 = -9*x + 10*x - 1. Suppose -x = -2*u - 7. Let b = 81 - u. List the prime factors of b.
2, 3, 7
Let h = 59848 - 28922. What are the prime factors of h?
2, 7, 47
Let f = 1 + -1. Suppose 0*a + 8*a - 32 = f. What are the prime factors of ((-33)/6)/((-2)/a)?
11
Suppose 3*r - 5*r + 16 = -j, 4 = j. Suppose -r*f + 8008 = f. Suppose -4*y + 546 = 3*x, 0*x + 4*x + 3*y - f = 0. What are the prime factors of x?
2, 7, 13
Suppose -16*t + 0*t = -65520. Suppose 25*s = 12*s + t. Suppose -9*z + s = -6*z. What are the prime factors of z?
3, 5, 7
Let d(j) be the second derivative of 47*j**3/6 + 9*j**2/2 + 14*j. Suppose 0 = 2*f - 2, 